{"id":986,"date":"2019-06-24T10:43:50","date_gmt":"2019-06-24T13:43:50","guid":{"rendered":"https:\/\/veracejundiai.com.br\/cantina\/?page_id=986"},"modified":"2025-05-08T17:25:23","modified_gmt":"2025-05-08T20:25:23","slug":"cardapio","status":"publish","type":"page","link":"https:\/\/veracejundiai.com.br\/cantina\/cardapio\/","title":{"rendered":"Card\u00e1pio"},"content":{"rendered":"\t\t<div data-elementor-type=\"wp-post\" data-elementor-id=\"986\" class=\"elementor elementor-986\">\n\t\t\t\t\t\t<section class=\"elementor-section elementor-top-section elementor-element elementor-element-bcffb0b elementor-section-boxed elementor-section-height-default elementor-section-height-default\" data-id=\"bcffb0b\" data-element_type=\"section\">\n\t\t\t\t\t\t<div class=\"elementor-container elementor-column-gap-default\">\n\t\t\t\t\t<div class=\"elementor-column elementor-col-100 elementor-top-column elementor-element elementor-element-cba1e81\" data-id=\"cba1e81\" data-element_type=\"column\">\n\t\t\t<div class=\"elementor-widget-wrap elementor-element-populated\">\n\t\t\t\t\t\t<div class=\"elementor-element elementor-element-28156e3 elementor-widget elementor-widget-delicios-food-menu\" data-id=\"28156e3\" data-element_type=\"widget\" data-widget_type=\"delicios-food-menu.default\">\n\t\t\t\t<div class=\"elementor-widget-container\">\n\t\t\t\t\t            \n                          <div class=\"row ts-tab-menu\">\n                 <div class=\"col d-flex justify-content-center\">\n                     <ul class=\"nav nav-menu-tabs\" role=\"tablist\">\n                                                \n                           <li>\n                               <a class=\" active show \" data-toggle=\"tab\" href=\"#28156e3-214\" role=\"tab\" aria-controls=\"Entradas\" aria-selected=\"true\">  <i class=''><\/i> Entradas<\/a>\n                           <\/li>\n                           \n                                                \n                           <li>\n                               <a class=\"  \" data-toggle=\"tab\" href=\"#28156e3-234\" role=\"tab\" aria-controls=\"Pratos\" aria-selected=\"true\">  <i class=''><\/i> Pratos<\/a>\n                           <\/li>\n                           \n                                                \n                           <li>\n                               <a class=\"  \" data-toggle=\"tab\" href=\"#28156e3-1799\" role=\"tab\" aria-controls=\"Menu Infantil\" aria-selected=\"true\">  <i class=''><\/i> Menu Infantil<\/a>\n                           <\/li>\n                           \n                                                \n                           <li>\n                               <a class=\"  \" data-toggle=\"tab\" href=\"#28156e3-235\" role=\"tab\" aria-controls=\"Pizzas\" aria-selected=\"true\">  <i class=''><\/i> Pizzas<\/a>\n                           <\/li>\n                           \n                                                \n                           <li>\n                               <a class=\"  \" data-toggle=\"tab\" href=\"#28156e3-236\" role=\"tab\" aria-controls=\"Pizzas Napoletanas\" aria-selected=\"true\">  <i class=''><\/i> Pizzas Napoletanas<\/a>\n                           <\/li>\n                           \n                                                \n                           <li>\n                               <a class=\"  \" data-toggle=\"tab\" href=\"#28156e3-1800\" role=\"tab\" aria-controls=\"Pizzas Doces\" aria-selected=\"true\">  <i class=''><\/i> Pizzas Doces<\/a>\n                           <\/li>\n                           \n                                                \n                           <li>\n                               <a class=\"  \" data-toggle=\"tab\" href=\"#28156e3-1673\" role=\"tab\" aria-controls=\"Sobremesas\" aria-selected=\"true\">  <i class=''><\/i> Sobremesas<\/a>\n                           <\/li>\n                           \n                                                \n                           <li>\n                               <a class=\"  \" data-toggle=\"tab\" href=\"#28156e3-1674\" role=\"tab\" aria-controls=\"Bebidas\" aria-selected=\"true\">  <i class=''><\/i> Bebidas<\/a>\n                           <\/li>\n                           \n                                                \n                           <li>\n                               <a class=\"  \" data-toggle=\"tab\" href=\"#28156e3-2087\" role=\"tab\" aria-controls=\"Saladas\" aria-selected=\"true\">  <i class=''><\/i> Saladas<\/a>\n                           <\/li>\n                           \n                                             <\/ul>\n                  <\/div>\n               <\/div>\n             \n         <div class=\"tab-content\">\n                                  <div id=\"28156e3-214\" class=\"container tab-pane active\">\n               \n            <div class=\"row menu-section\"> \n                           <\/div>\n\n            <\/div>\n           \n                                  <div id=\"28156e3-234\" class=\"container tab-pane \">\n               \n            <div class=\"row menu-section\"> \n                           <\/div>\n\n            <\/div>\n           \n                                  <div id=\"28156e3-1799\" class=\"container tab-pane \">\n               \n            <div class=\"row menu-section\"> \n                           <\/div>\n\n            <\/div>\n           \n                                  <div id=\"28156e3-235\" class=\"container tab-pane \">\n               \n            <div class=\"row menu-section\"> \n                           <\/div>\n\n            <\/div>\n           \n                                  <div id=\"28156e3-236\" class=\"container tab-pane \">\n               \n            <div class=\"row menu-section\"> \n                           <\/div>\n\n            <\/div>\n           \n                                  <div id=\"28156e3-1800\" class=\"container tab-pane \">\n               \n            <div class=\"row menu-section\"> \n                           <\/div>\n\n            <\/div>\n           \n                                  <div id=\"28156e3-1673\" class=\"container tab-pane \">\n               \n            <div class=\"row menu-section\"> \n                           <\/div>\n\n            <\/div>\n           \n                                  <div id=\"28156e3-1674\" class=\"container tab-pane \">\n               \n            <div class=\"row menu-section\"> \n                           <\/div>\n\n            <\/div>\n           \n                                  <div id=\"28156e3-2087\" class=\"container tab-pane \">\n               \n            <div class=\"row menu-section\"> \n                           <\/div>\n\n            <\/div>\n           \n            \n         <\/div>\n                   \n           \n      \t\t\t\t<\/div>\n\t\t\t\t<\/div>\n\t\t\t\t\t<\/div>\n\t\t<\/div>\n\t\t\t\t\t<\/div>\n\t\t<\/section>\n\t\t\t\t<section class=\"elementor-section elementor-top-section elementor-element elementor-element-499ca86 elementor-section-boxed elementor-section-height-default elementor-section-height-default\" data-id=\"499ca86\" data-element_type=\"section\" data-settings=\"{&quot;background_background&quot;:&quot;classic&quot;}\">\n\t\t\t\t\t\t<div class=\"elementor-container elementor-column-gap-no\">\n\t\t\t\t\t<div class=\"elementor-column elementor-col-100 elementor-top-column elementor-element elementor-element-4c8b9ed\" data-id=\"4c8b9ed\" data-element_type=\"column\">\n\t\t\t<div class=\"elementor-widget-wrap elementor-element-populated\">\n\t\t\t\t\t\t<div class=\"elementor-element elementor-element-279f4df elementor-widget elementor-widget-gallery\" data-id=\"279f4df\" data-element_type=\"widget\" data-widget_type=\"gallery.default\">\n\t\t\t\t<div class=\"elementor-widget-container\">\n\t\t\t\t\t \t\t\t\t<\/div>\n\t\t\t\t<\/div>\n\t\t\t\t\t<\/div>\n\t\t<\/div>\n\t\t\t\t\t<\/div>\n\t\t<\/section>\n\t\t\t\t<section class=\"elementor-section elementor-top-section elementor-element elementor-element-1962e6f elementor-section-boxed elementor-section-height-default elementor-section-height-default\" data-id=\"1962e6f\" data-element_type=\"section\" data-settings=\"{&quot;background_background&quot;:&quot;classic&quot;}\">\n\t\t\t\t\t\t\t<div class=\"elementor-background-overlay\"><\/div>\n\t\t\t\t\t\t\t<div class=\"elementor-container elementor-column-gap-default\">\n\t\t\t\t\t<div class=\"elementor-column elementor-col-50 elementor-top-column elementor-element elementor-element-f6a7e34 elementor-invisible\" data-id=\"f6a7e34\" data-element_type=\"column\" data-settings=\"{&quot;animation&quot;:&quot;fadeInUp&quot;,&quot;animation_delay&quot;:400}\">\n\t\t\t<div class=\"elementor-widget-wrap elementor-element-populated\">\n\t\t\t\t\t\t<div class=\"elementor-element elementor-element-df841c6 elementor-widget elementor-widget-heading\" data-id=\"df841c6\" data-element_type=\"widget\" data-widget_type=\"heading.default\">\n\t\t\t\t<div class=\"elementor-widget-container\">\n\t\t\t\t\t<h2 class=\"elementor-heading-title elementor-size-default\">Saboreie as del\u00edcias que a It\u00e1lia pode oferecer!<\/h2>\t\t\t\t<\/div>\n\t\t\t\t<\/div>\n\t\t\t\t\t<\/div>\n\t\t<\/div>\n\t\t\t\t<div class=\"elementor-column elementor-col-50 elementor-top-column elementor-element elementor-element-cc0145c elementor-invisible\" data-id=\"cc0145c\" data-element_type=\"column\" data-settings=\"{&quot;animation&quot;:&quot;fadeInUp&quot;,&quot;animation_delay&quot;:450}\">\n\t\t\t<div class=\"elementor-widget-wrap elementor-element-populated\">\n\t\t\t\t\t\t<div class=\"elementor-element elementor-element-2dd62e7 elementor-align-center elementor-tablet-align-center elementor-widget elementor-widget-button\" data-id=\"2dd62e7\" data-element_type=\"widget\" data-widget_type=\"button.default\">\n\t\t\t\t<div class=\"elementor-widget-container\">\n\t\t\t\t\t\t\t\t\t<div class=\"elementor-button-wrapper\">\n\t\t\t\t\t<a class=\"elementor-button elementor-button-link elementor-size-md\" href=\"https:\/\/api.whatsapp.com\/send?phone=551145213777\" target=\"_blank\">\n\t\t\t\t\t\t<span class=\"elementor-button-content-wrapper\">\n\t\t\t\t\t\t\t\t\t<span class=\"elementor-button-text\">fa\u00e7a seu pedido<\/span>\n\t\t\t\t\t<\/span>\n\t\t\t\t\t<\/a>\n\t\t\t\t<\/div>\n\t\t\t\t\t\t\t\t<\/div>\n\t\t\t\t<\/div>\n\t\t\t\t\t<\/div>\n\t\t<\/div>\n\t\t\t\t\t<\/div>\n\t\t<\/section>\n\t\t\t\t<\/div>\n\t\t","protected":false},"excerpt":{"rendered":"<p>Entradas Pratos Menu Infantil Pizzas Pizzas Napoletanas Pizzas Doces Sobremesas Bebidas Saladas Bolinho de Bacalhau R$ 42,00 (6 unidades) Acompanha maionese especial da casa. Bruschetta Caprese R$ 46,00 (4 Unidades). P\u00e3o italiano torrado ao perfume de alho coberto por tomate picado, mozzarella de b\u00fafala e pesto de manjeric\u00e3o. Bruschetta de Parma R$ 51,00 (4 Unidades). [&hellip;]<\/p>\n","protected":false},"author":1,"featured_media":0,"parent":0,"menu_order":0,"comment_status":"closed","ping_status":"closed","template":"template\/full-width-template.php","meta":{"footnotes":""},"class_list":["post-986","page","type-page","status-publish","hentry"],"aioseo_notices":[],"_links":{"self":[{"href":"https:\/\/veracejundiai.com.br\/cantina\/wp-json\/wp\/v2\/pages\/986","targetHints":{"allow":["GET"]}}],"collection":[{"href":"https:\/\/veracejundiai.com.br\/cantina\/wp-json\/wp\/v2\/pages"}],"about":[{"href":"https:\/\/veracejundiai.com.br\/cantina\/wp-json\/wp\/v2\/types\/page"}],"author":[{"embeddable":true,"href":"https:\/\/veracejundiai.com.br\/cantina\/wp-json\/wp\/v2\/users\/1"}],"replies":[{"embeddable":true,"href":"https:\/\/veracejundiai.com.br\/cantina\/wp-json\/wp\/v2\/comments?post=986"}],"version-history":[{"count":89,"href":"https:\/\/veracejundiai.com.br\/cantina\/wp-json\/wp\/v2\/pages\/986\/revisions"}],"predecessor-version":[{"id":2092,"href":"https:\/\/veracejundiai.com.br\/cantina\/wp-json\/wp\/v2\/pages\/986\/revisions\/2092"}],"wp:attachment":[{"href":"https:\/\/veracejundiai.com.br\/cantina\/wp-json\/wp\/v2\/media?parent=986"}],"curies":[{"name":"wp","href":"https:\/\/api.w.org\/{rel}","templated":true}]}}